ime?
False
Suppose -3*l + 11546 + 4753 = 0. Is l a prime number?
False
Let m be 4/(-8) - 15/(-6). Suppose f + 489 = m*f. Is f prime?
False
Let d be -2 + 3 + 0 + 83. Suppose 4*c + 32 = j, 5*c = 5*j - 16 - d. Is 186/8 - 4/j a prime number?
True
Let q(r) = 2*r**2 - 8*r + 1. Let i be q(7). Let v = i + 67. Suppose -2*d = -84 - v. Is d prime?
True
Let p be 2 - (-2 - 0 - -1092). Let j = p - -1885. Is j prime?
True
Suppose 0 = 3*q - h - 2, 0 = 3*q - 6*h + 3*h - 6. Let w be 0/(q - -2) + -7. Is 3/(-2)*(w - -1) a prime number?
False
Let v(j) = 80*j**2 + 17*j + 15. Is v(-8) a prime number?
True
Let n = 9 + -15. Let j(r) = -18*r**3 + r**2 + r - 6. Let y(l) = 17*l**3 - l**2 - l + 7. Let a(w) = n*j(w) - 5*y(w). Is a(1) composite?
True
Let s(l) = 26*l - 11. Is s(9) a composite number?
False
Let l be -1 - (-4)/2 - -3. Suppose 2*q + 42 = l*i, -i + 3*q = i - 31. Suppose -i = 4*x, -j + 5*x = -0*x - 267. Is j composite?
False
Let s be ((-9)/(-3))/(-1 - -2). Suppose 2*w = -s*a + 4*w + 28, -a = -5*w - 5. Is a composite?
True
Let v(h) = -64*h**2 - h - 3. Let m be v(3). Is m/(-30) + 2/(-5) a prime number?
True
Let j(g) = -4*g + 19. Is j(-9) prime?
False
Suppose m - 4*h = -9*h, 0 = 3*h - 3. Let u(f) = -3*f - 2. Is u(m) composite?
False
Suppose -3*f - 5*q + 1316 = 0, f + 3*f + 3*q = 1773. Is f prime?
False
Let j(k) = -2*k - 4. Let z be j(-3). Suppose -z*h + 229 = -25. Is h a composite number?
False
Suppose -2218 = -4*a + 2434. Is a prime?
True
Let g(z) = -3*z - 11. Let u be g(-8). Let q = -8 + u. Let w = q - 2. Is w composite?
False
Suppose -3*n = -2*w - 508, -5*n + 2*n - 4*w = -478. Is n prime?
False
Let t be (-515)/(-3) - (-4)/(-6). Let j = t + -88. Is j a composite number?
False
Suppose 2*o = o + 3*w + 115, 2*w = -4*o + 488. Let u = 190 + o. Is u composite?
False
Let d(s) = -4*s + 3*s - 2*s - 5 + 4*s. Let q = 15 - 7. Is d(q) composite?
False
Let d(p) = -p**2 + 7*p - 7. Let h be d(6). Suppose 3*a - 110 = -8*a. Is ((-155)/a)/(h/2) a composite number?
False
Suppose 149 = 3*d + 2*v - 130, 4*v + 392 = 4*d. Is d a prime number?
False
Let q be 238 + -2 + -3 + 4. Let c = -160 + q. Is c a prime number?
False
Let u(d) be the first derivative of d**4/4 - 4*d + 1. Is u(3) a prime number?
True
Let f = -156 + 265. Is f prime?
True
Let l(i) = 1 + 255*i + 194*i + 280*i. Let a be l(1). Suppose a = 5*u - 3*y, y - 462 = -3*u - 2*y. Is u a prime number?
True
Let f(h) = -4*h. Let m be f(6). Is m/(-9)*(-411)/(-4) a prime number?
False
Suppose -2*g - 3*z + 402 = -2*z, 3*z + 824 = 4*g. Is g a prime number?
False
Suppose -4*x + 5 = -7. Suppose 0 = 5*w - 0*r + x*r - 13, -26 = -2*w + 4*r. Suppose 2*m - 33 = m + w*i, 3*i = 2*m - 66. Is m prime?
False
Suppose -31 = 5*z - 4*h, h = -4*z - 3*h - 32. Let m = z + 14. Let f = 30 + m. Is f a composite number?
False
Suppose -5*t = 2*i - 287, 0*t - 3*t - 5*i + 157 = 0. Is t prime?
True
Let m(h) = 3*h**2 + 2. Let x be (9 - 7)*(-5)/(-2). Is m(x) composite?
True
Let a be -3 - 2*(-15)/6. Is 2 - 6/a - -170 prime?
False
Let i be 210/(-9) + (-2)/(-6). Let m = 72 + i. Is m prime?
False
Let v(a) = -16*a + 2. Let i be v(1). Let g(b) = b**3 + 15*b**2 + 7*b - 11. Is g(i) composite?
True
Suppose 3*g + 11043 = -3*a - 15408, -4*g - 35256 = a. Is 4/26 - g/91 a prime number?
True
Let w(p) be the first derivative of p**4/4 - p**3/3 + 155*p + 4. Is w(0) composite?
True
Let p = 2 + -5. Let k = -1 - p. Suppose -3*a - k*a = -385. Is a a composite number?
True
Suppose o = -b + 92, -4*o + 386 = -2*b - 0*b. Let d = o + -28. Suppose -2*p + 79 = f, 0 = 4*p + f - 90 - d. Is p composite?
True
Let a = 5 + -7. Let l be ((-1)/a)/((-7)/14). Let d(k) = 119*k**2. Is d(l) a composite number?
True
Is (-3 - 25/(-10))*-5138 prime?
False
Suppose 4445 = u + 4*u. Is u composite?
True
Suppose -3*p = -5*v + 61 + 86, -85 = -3*v + 5*p. Is (v/(-9))/(2/(-9)) prime?
False
Suppose -2*h = -0*h - 4. Suppose 0 = -4*q, -a + 62 + 233 = h*q. Is a a composite number?
True
Suppose -3 + 0 = -2*v - 3*p, -2*v - 12 = -2*p. Let q(g) = -20*g**3 + 2*g**2 - g - 4. Is q(v) a prime number?
True
Suppose 2*o - 26 = 5*c, 3*c - 4 = 3*o - 52. Suppose -y = h - 6, -3*y = h - o + 6. Suppose -h = -5*r + 152. Is r composite?
False
Suppose -159 = -r + 54. Suppose 3*k - r = 360. Is k prime?
True
Let p = -12 + 16. Suppose 428 = p*u - 32. Is u a composite number?
True
Suppose 0 = 5*w - 62 - 113. Suppose 75 = 2*n - w. Is n a prime number?
False
Suppose 3*r - 67 + 28 = -3*u, -u = -4*r - 33. Suppose -5*o + 4*z + u = 0, -3*o - 3*z + 25 = 2*z. Suppose h = o*h - 460. Is h prime?
False
Let u = 692 + -489. Suppose -2*c + u + 263 = 0. Is c composite?
False
Let b = -2 + 4. Suppose b*g - 3*l = 4, -6 = -g - 3*l - 22. Is 2/g + 78/4 a composite number?
False
Suppose -2*h = -29 - 23. Suppose 4*a + 58 = 6*a. Suppose t - h = a. Is t a prime number?
False
Let x = -21 - -280. Is x composite?
True
Suppose -3*n + 4 = -2. Suppose -6 = n*l - 4*l. Suppose l*a = 6*a - 12. Is a composite?
True
Let z be 1 - (3/3 + -21). Suppose -3*j + 3*b + 6 = 0, 4*j + b = -z + 54. Is j a composite number?
False
Let m = 17 - 24. Let h = m - -17. Suppose -p = -9 - h. Is p a composite number?
False
Suppose -2*g - 4 + 6 = 0. Is 1 + g - -21 - 2 composite?
True
Let q = -30 + -1. Let f = 4 - q. Is f a prime number?
False
Suppose 9 = -2*t - 3. Let j = t + 23. Suppose r - 78 = j. Is r prime?
False
Let x(m) = 8*m**2 + m + 2. Let i be x(-3). Let n = i + 35. Is n composite?
True
Let t = 1571 - 902. Suppose -4*n + n + t = 0. Is n a composite number?
False
Let a = 448 + -263. Suppose -61 = 4*w - a. Is w a composite number?
False
Let w be 11/22*(-1 - -485). Suppose w = 3*l + 2*n - 1275, -3*n + 515 = l. Is l prime?
True
Let x = 1342 + -225. Is x a composite number?
False
Let k be (0/(4/4))/(-4 + 1). Suppose 0 = 2*l + 2*l - 20. Suppose 4*x + l*a = 517, -535 = -4*x - k*x + a. Is x composite?
True
Let u(j) = -9*j**2 + 9*j + 4. Let b(d) = -d - 1. Let m(l) = -5*b(l) - u(l). Is m(-4) composite?
True
Let g = -10 + 12. Suppose -3*b + 250 = 4*o + g*b, 2*o - 124 = -2*b. Let v = 22 + o. Is v a prime number?
False
Let j be 1 - 1 - (-4)/(-2). Suppose 0*l - l = -3, 0 = -2*n - 5*l + 13. Is ((27 - n) + j)/2 a composite number?
False
Suppose 0 = 13*a - 10*a - 2517. Is a a prime number?
True
Suppose -2*d + 460 = 3*d. Let s = d - 17. Let t = s + -8. Is t a prime number?
True
Suppose 3129 = g - 2728. Suppose g = 8*a - 4*a - 3*o, 3*o - 5863 = -4*a. Suppose 2*u = 7*u - a. Is u a composite number?
False
Let r = 112 + -71. Suppose 6 = 5*i + r. Is 405/21 - (-2)/i composite?
False
Suppose -3*j + 16 = j. Suppose 0 = -3*o - y + 170, -o + 48 = -j*y - 13. Is o composite?
True
Suppose -4*f - 142 = -4*r + 262, 2*r = -2*f + 210. Let p = -256 - -442. Let k = p - r. Is k composite?
False
Is (506/(-6))/((-2)/6) composite?
True
Let z be 10 + -5 + 1 + -3. Let j be -1 + -1 + 0 + 127. Suppose -z*d = -j + 32. Is d a prime number?
True
Suppose 4*b + 540 = 4*u, -2*u + b + 281 = 7. Is u a composite number?
False
Let t = -4 - -9. Suppose 2*f - g + 9 = 0, -12 = -2*f - t*g + 9. Let z(o) = -o**3 + o + 1. Is z(f) composite?
False
Let x(b) = -2*b - 8. Let u be x(-8). Let v = u - -16. Suppose 0 = q - v + 5. Is q a prime number?
True
Let a be 10732/18 - (-2)/(-9). Suppose -s + 0*s + 3*q + 298 = 0, -2*s + a = -q. Is s a prime number?
False
Is (-6)/10*(-3270)/6 a composite number?
True
Suppose j - 3*j + 58 = 4*t, 4*t = -j + 23. Is j composite?
True
Let h(r) = -2*r - 7. Let p be h(-5). Let b be 1*-237*(p + -2). Is (3/3)/((-3)/b) a prime number?
True
Is (1308/18)/(2/3) prime?
True
Suppose -4*y = -2*y. Let u = -394 - -726. Suppose u = 4*x - d - y*d, 5*x + 4*d = 415. Is x a prime number?
True
Let y(j) = 248*j**2 + j + 1. Is y(-2) a composite number?
False
Is ((-74)/3)/(4/(-30)) a composite number?
True
Let l = 204 + -100. Suppose -l = -q - 33. Is q a prime number?
True
Let f(q) = 3*q**2 - q - 1. Let n = -10 - -4. Is f(n) a prime number?
True
Let c = 668 - -129. Is c a prime number?
True
Suppose -w - 2*w = 123. Let m be 3971/55 + 2/(-10). Let u = m - w. Is u composite?
False
Let c be (9/(-3))/((-9)/6). Suppose -5*v - 178 = -3*g + c*g, g - 157 = -2*v. Is g prime?
True
Let o(x) = -x**2 - 10*x - 7. Let f be o(-9). Suppose -5*b + 138 + 1237 = 0. Suppose -f*i + 7*i = b. Is i a prime number?
False
Suppose 2*o - 5*o - 3*h + 903 = 0, 0 = 2*o - 3*h - 60